NOAA-Style Climate Reports

Select a Year or Month report
2024: Ene Feb Mar Abr May Jun Jul Ago Sep Oct Nov Dic
2023: Ene Feb Mar Abr May Jun Jul Ago Sep Oct Nov Dic

Report for 2024 Junio

Daily noaa report




                            MONTHLY CLIMATOLOGICAL SUMMARY for JUN. 2024

NAME:    CITY:  STATE: 
ELEV:  LAT:  LONG: 

                            TEMPERATURE ( °C), RAIN (mm), WIND SPEED (kmh)

                                               HEAT     COOL           AVG
      MEAN                                     DEG      DEG            WIND                       DOM
DAY   TEMP    HIGH   TIME     LOW    TIME      DAYS     DAYS    RAIN   SPEED    HIGH    TIME      DIR
--------------------------------------------------------------------------------------------------------
01    16.0    23.0   15:50    09.6   07:40     02.3     00.0    00.0   05.9     44.4    09:22     SSE
02    15.2    20.4   16:42    09.9   07:21     03.1     00.0    00.0   06.4     42.5    12:00      SW
03    16.7    20.7   15:49    13.2   06:39     01.6     00.0    00.0   05.0     48.1    10:21     SSE
04    18.0    25.9   15:03    13.0   03:57     00.3     00.0    00.0   05.8     44.4    12:41      W 
05    18.6    24.1   15:18    13.2   07:58     00.0     00.3    00.0   05.8     48.1    11:20     SSW
06    16.1    17.0   01:18    14.7   00:00     02.2     00.0    00.0   02.0     11.1    13:46      E 
07    15.6    18.1   15:28    14.3   06:08     02.7     00.0    00.0   03.7     24.1    15:18     SSW
08    14.8    15.9   14:12    13.9   00:00     03.5     00.0    00.0   02.0     09.3    15:33      E 
09    13.7    17.2   16:48    11.9   09:33     04.6     00.0    00.0   05.4     38.9    16:07      SW
10    15.6    22.1   14:25    11.8   07:47     02.7     00.0    00.0   07.1     46.3    14:45     ENE
11    13.7    19.3   15:07    11.3   06:11     04.6     00.0    00.0   04.3     37.0    11:14      SW
12    14.6    21.1   15:42    10.8   08:37     03.7     00.0    00.0   06.1     44.4    12:40      NE
13    14.7    24.4   12:15    08.8   07:32     03.6     00.0    00.8   05.1     42.5    15:01     SSW
14    15.5    16.8   18:00    14.2   00:00     02.8     00.0    00.2   03.8     25.9    14:53      SW
15    17.3    25.7   16:11    11.2   07:59     01.0     00.0    00.0   07.4     46.3    14:27     WSW
16    19.4    27.9   16:32    14.4   07:23     00.0     01.1    00.0   08.0     48.1    15:01     WNW
17    19.2    27.1   12:57    15.1   22:32     00.0     00.9    13.0   07.7     42.5    15:26     WSW
18    16.1    22.6   15:09    14.4   00:00     02.2     00.0    30.7   11.7     50.0    14:29     WSW
19    15.1    21.1   12:18    13.3   07:48     03.2     00.0    32.7   09.5     48.1    11:37     WNW
20    15.0    18.5   17:40    12.9   07:11     03.3     00.0    02.4   06.8     42.5    16:45     WSW
21    16.3    22.6   12:57    13.3   04:07     02.0     00.0    00.2   08.7     44.4    18:21     WSW
--------------------------------------------------------------------------------------------------------
16.1 (17.1)   27.9  day 16     08.8  day 13   049.3    002.3   097.2   06.1     50.0   day 21     WSW
Min <   30: 21
Max Rain: 32.7 ON 19-06-24
Days of Rain: 7 (> .2mm) 4 (> 2mm) 2 (> 20mm)